{"id":77,"date":"2025-09-11T21:43:55","date_gmt":"2025-09-11T21:43:55","guid":{"rendered":"https:\/\/lace.ubiobio.cl\/?page_id=77"},"modified":"2025-09-12T15:19:14","modified_gmt":"2025-09-12T15:19:14","slug":"proyectos","status":"publish","type":"page","link":"https:\/\/lace.ubiobio.cl\/?page_id=77","title":{"rendered":"Proyectos"},"content":{"rendered":"\n<div class=\"wp-block-superb-addons-accordion-block\" data-accordion-id=\"superb-accordion-bb31e335\"><div class=\"superb-accordion-header\" role=\"button\" tabindex=\"0\" aria-expanded=\"false\" aria-controls=\"superb-accordion-content-superb-accordion-bb31e335\"><h4 class=\"superb-accordion-title\">Proyectos de Investigaci\u00f3n, desarrollo, innovaci\u00f3n y empendimiento (I+D+i+e)<\/h4><span class=\"superb-accordion-icon\"><\/span><\/div><div id=\"superb-accordion-content-superb-accordion-bb31e335\" class=\"superb-accordion-content\" style=\"display:none\" aria-hidden=\"true\">\n<h4 class=\"wp-block-heading has-text-align-left\"><\/h4>\n\n\n\n<p>&#8211; &nbsp;&#8220;Improvements for the Control Strategies and for Passive Components Design in Power Converters to provide Ancillary Services in Industrial Microgrids&#8221; &nbsp;FONDECYT Regular 2020&nbsp; &#8211; 1201683 (4 a\u00f1os)&nbsp; <\/p>\n\n\n\n<p>-\u201c<em>Adquisici\u00f3n de una Fuente de Potencia El\u00e9ctrica Bidireccional y Controlada para la Emulaci\u00f3n de la Operaci\u00f3n de Micro-redes El\u00e9ctricas<\/em>\u201d, &nbsp;FONDEQUIP EQM 210178, 2021-2024 (4 a\u00f1os)<\/p>\n\n\n\n<p>&#8211; &#8220;Modular Hybrid Smart Transformer with Virtual Inertia Capability for Distribution Networks&#8221;.&nbsp;  FONDECYT Regular 2020&nbsp; &#8211; 1201308 (4 a\u00f1os).<\/p>\n\n\n\n<p>-\u201cActualizaci\u00f3n de competencias tecnol\u00f3gicas para las PYMES \u201c, Fondo de Innovaci\u00f3n para la competitivida \u2013 FIC Gobierno Regional del B\u00edobio, FIC BIP 400440373-0<\/p>\n\n\n\n<p>-\u201cSistema Vibratorio para T\u00faneles Est\u00e1ticos de Congelado\u201d , Valorizaci\u00f3n de la Investigaci\u00f3n Universitaria , Fondef&nbsp; VIU Etapa 1 VIU19P0032 y Etapa 2 VIU19E0032, &nbsp;2019-2020<\/p>\n\n\n\n<p>-\u201cRock And Hub! Plataforma de procesamiento de audio para bandas musicales \u201d , Valorizaci\u00f3n de la Investigaci\u00f3n Universitaria , Fondef&nbsp; VIU Etapa 1 y Etapa 2 VIU19P0129 , 2019<\/p>\n\n\n\n<p>-\u201cSmart Shower Box\u201d , Profesor Guia, Valorizaci\u00f3n de la Investigaci\u00f3n Universitaria , Fondef&nbsp; VIU Etapa 1 VIU18E0091 y Etapa 2 VIU18P0091, 2018 y 2019<\/p>\n\n\n\n<p>-\u201cSistema de Monitoreo y Recomendaciones para Riego de Precisi\u00f3n basado en Redes de Sensores\u201d , Valorizaci\u00f3n de la Investigaci\u00f3n Universitaria Fondef VIU Etapa 1 VIU18P0091, 2018<\/p>\n\n\n\n<p>&#8211; &#8220;Multifunctional Asymmetric Multilevel Topologies for Photovoltaic Energy Injection to Microgrids.&#8221;. FONDECYT Regular 2016 &#8211; 1160806 (3 a\u00f1os).<\/p>\n\n\n\n<p>&#8211;&nbsp; &nbsp;<em>Study, Design and Control of Multi-Cell Topologies based on Current-Source Converters Applied to Active Power Filters<\/em> \u201c Fondecyt de Iniciaci\u00f3n de Actividades de Investigaci\u00f3n, 2014, Fondecyt 2014- 11140759 (4 a\u00f1os).<\/p>\n\n\n\n<p><\/p>\n\n\n\n<p><\/p>\n\n\n\n<p><\/p>\n\n\n\n<p class=\"has-text-align-left\"><\/p>\n<\/div><\/div>\n\n\n\n<div class=\"wp-block-superb-addons-accordion-block\" data-accordion-id=\"superb-accordion-bb31e335\"><div class=\"superb-accordion-header\" role=\"button\" tabindex=\"0\" aria-expanded=\"false\" aria-controls=\"superb-accordion-content-superb-accordion-bb31e335\"><h4 class=\"superb-accordion-title\">Publicaciones en Revistas<\/h4><span class=\"superb-accordion-icon\"><\/span><\/div><div id=\"superb-accordion-content-superb-accordion-bb31e335\" class=\"superb-accordion-content\" style=\"display:none\" aria-hidden=\"true\">\n<p>Reyes, Marcelo E., Pedro E. Melin, Eduardo Espinosa, Carlos R. Baier, Cristian Pesce, and Benjam\u00edn Cormack. 2025. &#8220;A Low-Cost Evaluation Tool for Synchronization Methods in Three-Phase Power Systems&#8221; Applied Sciences 15, no. 3: 1176. <a href=\"https:\/\/doi.org\/10.3390\/app15031176\">https:\/\/doi.org\/10.3390\/app15031176<\/a><\/p>\n\n\n\n<p>Eduardo E. Espinosa; Mat\u00edas G. Veillon; Christian A. Rojas; Jes\u00fas C. Hern\u00e1ndez; Pedro Mel\u00edn; Galina Mirzaeva, Carlos Baier, Roberto Ramirez, Federico Serra, Mauricio Arenas &#8220;Feedback Quantizer Improved With Simplified Discrete Space Vector Modulation for Power Converters,&#8221; in&nbsp;<em>IEEE Access<\/em>, vol. 12, pp. 164274-164288, 2024, doi: 10.1109\/ACCESS.2024.3491635.<\/p>\n\n\n\n<p>Carlos R. Baier; Pedro E. Melin; Miguel A. Torres; Roberto O. Ramirez; Carlos Mu\u00f1oz; Agustin Quinteros. Developing and Evaluating the Operating Region of a Grid-Connected Current Source Inverter from Its Mathematical Model. Mathematics 2024, 12, 1775 .<\/p>\n\n\n\n<p>Mat\u00edas Veillon, Eduardo Espinosa, Pedro Melin, Galina Mirzaeva, Marco Rivera, Carlos R Baier, Roberto O Ramirez,, \u201cImproved Feedback Quantizer with Discrete Space Vector\u201d, in <em>Sensors<\/em>, vol. 142, no 1, , January 2024<\/p>\n\n\n\n<p>J. L. Saavedra, C. R. Baier, E. I. Marciel, M. Rivera, A. Carreno, C. C. Hernandez, P E. Mel\u00edn , \u201cComparison of FCS-MPC Strategies in a Grid-Connected Single-Phase Quasi-Z Source Inverter\u201d in&nbsp; <em>Electronics<\/em>, vol. 12, no. 9, pp. 2052-2069, April 2023<\/p>\n\n\n\n<p>E. Espinosa, J. Espinoza, P. Mel\u00edn, J. Rohten, M. Rivera, J. Mu\u00f1oz, \u201cFCS\u2013MPC with Nonlinear Control Applied to a Multicell AFE Rectifier\u201d in <em>Sensors<\/em>.; vol. 22, no. 11, pp. 4100-41016, May 2022<\/p>\n\n\n\n<p>M. Diaz-Bustos, C. R. Baier, Miguel A. Torres, P. E. Melin, P. Acuna, \u201cApplication of a Control Scheme Based on Predictive and Linear Strategy for Improved Transient State and Steady-State Performance in a Single-Phase Quasi-Z-Source Inverter\u201d in <em>Sensor <\/em>, vol. 22, no. 7, pp. 2458-2478, March 2022.<\/p>\n\n\n\n<p>P. E. Mel\u00edn, C. R. Baier, E. E. Espinosa, J. R. Espinoza, \u201cCascaded H-Bridge Converter Based on Current-Source Inverter with DC Links Magnetically Coupled to Reduce the DC Inductors Value\u201d in&nbsp; <em>Energies<\/em>, vol. 15, no. 1, pp. 324-345, Jan. 2022.<\/p>\n\n\n\n<p>P. Melin, C. Baier, E. Espinosa, J. Riedemann, J. Espinoza, R. Pena \u201cStudy of the Open-Source Arduino DUE Board as Digital Control Platform for Three-Phase Power Converters\u201d in&nbsp; <em>IEEE Access<\/em>, vol. 10, pp. 7574-7587, Dic. 2021.<\/p>\n\n\n\n<p>E. E. Espinosa, P. E. Melin, H. O. Garces, C. R. Baier, J. R. Espinoza , \u201cMulticell AFE Rectifier Managed by Finite Control Set\u2013Model Predictive Control\u201d, in <em>IEEE Access,<\/em> vol. 9, pp. 137782-137792, Oct. 2021.<\/p>\n\n\n\n<p>E. Espinosa, J. Espinoza, P. Mel\u00edn, J. Rohten, C. Baier, M. Reyes, \u201cFinite Control Set\u2014Model Predictive Control with Non-Spread Spectrum and Reduced Switching Frequency Applied to Multi-Cell Rectifiers, in &nbsp;<em>Energies<\/em>, vol. 14, no. 19, pp. 6045-6060, Sep. 2021.<\/p>\n\n\n\n<p>C. R. Baier, R. O. Ramirez, E. I. Marciel, J. C. Hern\u00e1ndez, P. E. Mel\u00edn and E. E. Espinosa, &#8220;FCS-MPC Without Steady-State Error Applied to a Grid-Connected Cascaded H-Bridge Multilevel Inverter,&#8221; in&nbsp;<em>IEEE Transactions on Power Electronics<\/em>, vol. 36, no. 10, pp. 11785-11799, Oct. 2021,&nbsp;<\/p>\n\n\n\n<p>E. Espinosa, P. Melin, C. Baier, J. Espinoza, H. Garces, &nbsp;&#8220;An Efficiency Analysis of 27 Level Single-Phase Asymmetric Inverter without Regeneration,&#8221;&nbsp;Energies,&nbsp;vol. 14,&nbsp;(5),&nbsp;pp. 1459, 2021<\/p>\n\n\n\n<p>P.E. Melin, J.I. Guzman, F.A. Hernandez, C.R. Baier, J.A. Mu\u00f1oz, J.R. Espinoza, E.E. Espinosa,&#8221;Analysis and control strategy for a current-source based D-STATCOM towards minimum losses,&#8221; in <em>International Journal of Electrical Power &amp; Energy Systems<\/em>, Volume 116, March&nbsp; 2020,<\/p>\n\n\n\n<p>J. Riedemann et al., &#8220;Design and Building of an Automatic Alternator Synchronizer Based on Open-Hardware Arduino Platform,&#8221; in <em>IEEE Access<\/em>, vol. 7, pp. 105116-105122, 2019.<\/p>\n\n\n\n<p>R. O. Ram\u00edrez&nbsp;<em>et al<\/em>., &#8220;Finite-State Model Predictive Control With Integral Action Applied to a Single-Phase Z-Source Inverter,&#8221; in&nbsp;<em>IEEE Journal of Emerging and Selected Topics in Power Electronics<\/em>, vol. 7, no. 1, pp. 228-239, March 2019.<\/p>\n\n\n\n<p>C. R. Baier; M. A. Torres; P. Acuna; J. A. Mu\u00f1oz; P. E. Mel\u00edn; C. Restrepo; J. I. Guzman , &#8220;Analysis and Design of a Control Strategy for Tracking Sinusoidal References in Single-Phase Grid-Connected Current-Source Inverters,&#8221; in <em>IEEE Transactions on Power Electronics<\/em>, vol. 33, no. 1, pp. 819-832, Jan. 2018.<\/p>\n\n\n\n<p>P. E. Melin; J. A. Rohten; J. R. Espinoza; C. R. Baier; E. E. Espinosa; J. A. Mu\u00f1oz; J. A. Riedemann., &#8220;Analysis and Design of a Multicell Topology Based on Three-Phase\/Single-Phase Current-Source Cells,&#8221; in <em>IEEE Transactions on Power Electronics<\/em>, vol. 31, no. 9, pp. 6122-6133, Sept. 2016.<\/p>\n\n\n\n<p>J. Riedemann, I. Andrade, R. Pe\u00f1a, R. Blasco-Gimenez, J.Clare, P. Melin, M. Rivera \u201cModulation strategies for an open-end winding induction machine fed by a two-output indirect matrix converter \u201c in <em>Mathematics and Computers in Simulation (MATCOM) <\/em>, vol. 120, no. C, &nbsp;pp. 95-111. June 2016<\/p>\n\n\n\n<p>J. A. Rohten; J. R. Espinoza; J. A. Mu\u00f1oz; D. G. Sbarbaro; M. A. Perez; P. E. Mel\u00edn; J. J. Silva; E. E. Espinosa &#8220;Enhanced Predictive Control for a Wide Time-Variant Frequency Environment,&#8221; in <em>IEEE Transactions on Industrial Electronics<\/em>, vol. 63, no. 9, pp. 5827-5837, Sept. 2016.<\/p>\n\n\n\n<p>J. A. Rohten; J. R. Espinoza; J. A. Mu\u00f1oz; M. A. P\u00e9rez; P. E. Melin; J. J. Silva; E. E. Espinosa; M. E. Rivera, &#8220;Model Predictive Control for Power Converters in&nbsp;a Distorted Three-Phase Power Supply,&#8221; in <em>IEEE Transactions on Industrial Electronics<\/em>, vol. 63, no. 9, pp. 5838-5848, Sept. 2016.<\/p>\n\n\n\n<p>E. Maurelia, J. R. Espinoza, C. A. Silva, C. A. Rojas, P. E. Mel\u00edn and E. E. Espinosa, &#8220;An Operating Condition-Based Scheme to Alternate Between Control Strategies for Improved Steady-State and Transient Behavior,&#8221; in IEEE Transactions on Industrial Informatics, vol. 11, no. 6, pp. 1246-1254, Dec. 2015.<\/p>\n\n\n\n<p>C.R Duran; J. A. Silva-Faundez; P.E. Melin, C. Aguilera \u201cAn anticipatory control for a flexible manufacturing system based on the perception of mobile units using wireless sensor networks\u201d in <em>International Journal of Computers Communications &amp; Control<\/em>, vol. 10, no. 2, April 2015<\/p>\n<\/div><\/div>\n\n\n\n<div class=\"wp-block-superb-addons-accordion-block\" data-accordion-id=\"superb-accordion-bb31e335\"><div class=\"superb-accordion-header\" role=\"button\" tabindex=\"0\" aria-expanded=\"false\" aria-controls=\"superb-accordion-content-superb-accordion-bb31e335\"><h4 class=\"superb-accordion-title\">Documentos con Protecci\u00f3n Intelectual<\/h4><span class=\"superb-accordion-icon\"><\/span><\/div><div id=\"superb-accordion-content-superb-accordion-bb31e335\" class=\"superb-accordion-content\" style=\"display:none\" aria-hidden=\"true\">\n<p>-Aaron Cruces, Pedro Melin, Marcelo Reyes &#8220;<em>Ensayo de emisiones de contaminaci\u00f3n arm\u00f3nica de corriente IEC 61000-3-4<\/em>&#8220;<\/p>\n\n\n\n<p>-Aaron Cruces, Pedro Melin, Marcelo Reyes, &#8220;<em>Ensayo de protecci\u00f3n anti-isla IEC 62116<\/em>&#8220;<\/p>\n\n\n\n<p>-Aaron Cruces, Pedro Melin, Marcelo Reyes, &#8220;<em>Ensayo de emisiones de fluctuaciones de voltaje IEC 61000-3-11<\/em>&#8220;<\/p>\n<\/div><\/div>\n","protected":false},"excerpt":{"rendered":"","protected":false},"author":1,"featured_media":0,"parent":0,"menu_order":0,"comment_status":"closed","ping_status":"closed","template":"","meta":{"footnotes":""},"class_list":["post-77","page","type-page","status-publish","hentry"],"_links":{"self":[{"href":"https:\/\/lace.ubiobio.cl\/index.php?rest_route=\/wp\/v2\/pages\/77","targetHints":{"allow":["GET"]}}],"collection":[{"href":"https:\/\/lace.ubiobio.cl\/index.php?rest_route=\/wp\/v2\/pages"}],"about":[{"href":"https:\/\/lace.ubiobio.cl\/index.php?rest_route=\/wp\/v2\/types\/page"}],"author":[{"embeddable":true,"href":"https:\/\/lace.ubiobio.cl\/index.php?rest_route=\/wp\/v2\/users\/1"}],"replies":[{"embeddable":true,"href":"https:\/\/lace.ubiobio.cl\/index.php?rest_route=%2Fwp%2Fv2%2Fcomments&post=77"}],"version-history":[{"count":14,"href":"https:\/\/lace.ubiobio.cl\/index.php?rest_route=\/wp\/v2\/pages\/77\/revisions"}],"predecessor-version":[{"id":336,"href":"https:\/\/lace.ubiobio.cl\/index.php?rest_route=\/wp\/v2\/pages\/77\/revisions\/336"}],"wp:attachment":[{"href":"https:\/\/lace.ubiobio.cl\/index.php?rest_route=%2Fwp%2Fv2%2Fmedia&parent=77"}],"curies":[{"name":"wp","href":"https:\/\/api.w.org\/{rel}","templated":true}]}}