{"id":72,"date":"2025-09-11T21:41:55","date_gmt":"2025-09-11T21:41:55","guid":{"rendered":"https:\/\/lace.ubiobio.cl\/?page_id=72"},"modified":"2025-09-12T21:17:35","modified_gmt":"2025-09-12T21:17:35","slug":"equipamiento","status":"publish","type":"page","link":"https:\/\/lace.ubiobio.cl\/?page_id=72","title":{"rendered":"Instalaciones y Equipamiento"},"content":{"rendered":"\n<p>Contamos con espacio para Investigaci\u00f3n y Desarrollo, incluyendo un espacio de cowork e implementaci\u00f3n, junto con un espacio separado para Pruebas El\u00e9ctricas y reuniones, habilitado para talleres, clases u otras actividades.  LACE cuenta con alimentaci\u00f3n en 380Vrms\/50Hz, separada en dos redes de 30kVA y 100kVA. <\/p>\n\n\n\n<figure class=\"wp-block-image size-large\"><img loading=\"lazy\" decoding=\"async\" width=\"1024\" height=\"472\" src=\"https:\/\/lace.ubiobio.cl\/wp-content\/uploads\/2025\/09\/20241109_125913-1024x472.jpg\" alt=\"LACE, I+D\" class=\"wp-image-430\" srcset=\"https:\/\/lace.ubiobio.cl\/wp-content\/uploads\/2025\/09\/20241109_125913-1024x472.jpg 1024w, https:\/\/lace.ubiobio.cl\/wp-content\/uploads\/2025\/09\/20241109_125913-300x138.jpg 300w, https:\/\/lace.ubiobio.cl\/wp-content\/uploads\/2025\/09\/20241109_125913-150x69.jpg 150w, https:\/\/lace.ubiobio.cl\/wp-content\/uploads\/2025\/09\/20241109_125913-768x354.jpg 768w, https:\/\/lace.ubiobio.cl\/wp-content\/uploads\/2025\/09\/20241109_125913-1536x708.jpg 1536w, https:\/\/lace.ubiobio.cl\/wp-content\/uploads\/2025\/09\/20241109_125913-2048x944.jpg 2048w, https:\/\/lace.ubiobio.cl\/wp-content\/uploads\/2025\/09\/20241109_125913-850x392.jpg 850w\" sizes=\"auto, (max-width: 1024px) 100vw, 1024px\" \/><\/figure>\n\n\n\n<figure class=\"wp-block-image size-large\"><img loading=\"lazy\" decoding=\"async\" width=\"1024\" height=\"472\" src=\"https:\/\/lace.ubiobio.cl\/wp-content\/uploads\/2025\/09\/20241206_093148-1024x472.jpg\" alt=\"LACE, Pruebas El\u00e9ctricas\" class=\"wp-image-429\" srcset=\"https:\/\/lace.ubiobio.cl\/wp-content\/uploads\/2025\/09\/20241206_093148-1024x472.jpg 1024w, https:\/\/lace.ubiobio.cl\/wp-content\/uploads\/2025\/09\/20241206_093148-300x138.jpg 300w, https:\/\/lace.ubiobio.cl\/wp-content\/uploads\/2025\/09\/20241206_093148-150x69.jpg 150w, https:\/\/lace.ubiobio.cl\/wp-content\/uploads\/2025\/09\/20241206_093148-768x354.jpg 768w, https:\/\/lace.ubiobio.cl\/wp-content\/uploads\/2025\/09\/20241206_093148-1536x708.jpg 1536w, https:\/\/lace.ubiobio.cl\/wp-content\/uploads\/2025\/09\/20241206_093148-2048x944.jpg 2048w, https:\/\/lace.ubiobio.cl\/wp-content\/uploads\/2025\/09\/20241206_093148-850x392.jpg 850w\" sizes=\"auto, (max-width: 1024px) 100vw, 1024px\" \/><\/figure>\n\n\n\n<p>Dentro de los espacios, contamos con equipamiento para:<\/p>\n\n\n\n<ul class=\"wp-block-list\">\n<li>Dise\u00f1o, implementaci\u00f3n y validaci\u00f3n de sistemas electr\u00f3nicos anal\u00f3gicos y digitales<\/li>\n\n\n\n<li>Dise\u00f1o y validaci\u00f3n de firmware para microcontroladores y DSPs.<\/li>\n\n\n\n<li>Dise\u00f1o y validaci\u00f3n de sistemas digitales basados en CPLDs, FPGAs y SoC. <\/li>\n\n\n\n<li>Dise\u00f1o, implementaci\u00f3n y validaci\u00f3n de convertidores basados en semiconductores del tipo IGBT y SiC-MOSFET.<\/li>\n\n\n\n<li>Validaci\u00f3n de normativas de equipos el\u00e9ctricos de baja tensi\u00f3n, alimentados de redes trif\u00e1sicas y monof\u00e1sicas.<\/li>\n\n\n\n<li>Monitoreo de calidad de suministro el\u00e9ctrico, perfiles de carga.<\/li>\n<\/ul>\n\n\n\n<div class=\"wp-block-superb-addons-accordion-block\" data-accordion-id=\"superb-accordion-c6189b03\"><div class=\"superb-accordion-header\" role=\"button\" tabindex=\"0\" aria-expanded=\"false\" aria-controls=\"superb-accordion-content-superb-accordion-c6189b03\"><h4 class=\"superb-accordion-title\">Equipos para Pruebas en Baja Tensi\u00f3n AC<\/h4><span class=\"superb-accordion-icon\"><\/span><\/div><div id=\"superb-accordion-content-superb-accordion-c6189b03\" class=\"superb-accordion-content\" style=\"display:none\" aria-hidden=\"true\">\n<div class=\"wp-block-columns is-layout-flex wp-container-core-columns-is-layout-9d6595d7 wp-block-columns-is-layout-flex\">\n<div class=\"wp-block-column is-layout-flow wp-block-column-is-layout-flow\">\n<figure class=\"wp-block-image size-full\"><img loading=\"lazy\" decoding=\"async\" width=\"469\" height=\"509\" src=\"https:\/\/lace.ubiobio.cl\/wp-content\/uploads\/2025\/09\/image-1.png\" alt=\"\" class=\"wp-image-239\" srcset=\"https:\/\/lace.ubiobio.cl\/wp-content\/uploads\/2025\/09\/image-1.png 469w, https:\/\/lace.ubiobio.cl\/wp-content\/uploads\/2025\/09\/image-1-276x300.png 276w, https:\/\/lace.ubiobio.cl\/wp-content\/uploads\/2025\/09\/image-1-138x150.png 138w, https:\/\/lace.ubiobio.cl\/wp-content\/uploads\/2025\/09\/image-1-300x326.png 300w\" sizes=\"auto, (max-width: 469px) 100vw, 469px\" \/><\/figure>\n<\/div>\n\n\n\n<div class=\"wp-block-column is-layout-flow wp-block-column-is-layout-flow\">\n<p><strong>CHROMA 61860 con capacidad de carga electr\u00f3nica  <\/strong><\/p>\n\n\n\n<p>Simulador de red regenerativo dise\u00f1ado para pruebas de productos el\u00e9ctricos tales como inversores fotovoltaicos y UPS.<\/p>\n\n\n\n<p>Financiada con proyecto ANID\/FONDEQUIP\/EQM210178<\/p>\n<\/div>\n<\/div>\n\n\n\n<div class=\"wp-block-columns is-layout-flex wp-container-core-columns-is-layout-9d6595d7 wp-block-columns-is-layout-flex\">\n<div class=\"wp-block-column is-layout-flow wp-block-column-is-layout-flow\">\n<figure class=\"wp-block-image size-full\"><img loading=\"lazy\" decoding=\"async\" width=\"491\" height=\"223\" src=\"http:\/\/lace.ubiobio.cl\/wp-content\/uploads\/2025\/09\/image-2.png\" alt=\"\" class=\"wp-image-240\" srcset=\"https:\/\/lace.ubiobio.cl\/wp-content\/uploads\/2025\/09\/image-2.png 491w, https:\/\/lace.ubiobio.cl\/wp-content\/uploads\/2025\/09\/image-2-300x136.png 300w, https:\/\/lace.ubiobio.cl\/wp-content\/uploads\/2025\/09\/image-2-150x68.png 150w\" sizes=\"auto, (max-width: 491px) 100vw, 491px\" \/><\/figure>\n<\/div>\n\n\n\n<div class=\"wp-block-column is-layout-flow wp-block-column-is-layout-flow\">\n<p><strong>ITECH IT909-350-90<\/strong><\/p>\n\n\n\n<p>Fuente de alimentaci\u00f3n programable que funciona como simulador de red de cuatro cuadrantes. Utilizada para probar equipos conectados a la red como almacenamiento de energ\u00eda, microrredes, etc.<\/p>\n\n\n\n<p>Financiada con proyecto ANID\/FONDEQUIP\/FONDECYT1201683<\/p>\n<\/div>\n<\/div>\n\n\n\n<div class=\"wp-block-columns is-layout-flex wp-container-core-columns-is-layout-9d6595d7 wp-block-columns-is-layout-flex\">\n<div class=\"wp-block-column is-layout-flow wp-block-column-is-layout-flow\">\n<figure class=\"wp-block-image size-full\"><img loading=\"lazy\" decoding=\"async\" width=\"491\" height=\"382\" src=\"http:\/\/lace.ubiobio.cl\/wp-content\/uploads\/2025\/09\/image-13.png\" alt=\"\" class=\"wp-image-278\" srcset=\"https:\/\/lace.ubiobio.cl\/wp-content\/uploads\/2025\/09\/image-13.png 491w, https:\/\/lace.ubiobio.cl\/wp-content\/uploads\/2025\/09\/image-13-300x233.png 300w, https:\/\/lace.ubiobio.cl\/wp-content\/uploads\/2025\/09\/image-13-150x117.png 150w\" sizes=\"auto, (max-width: 491px) 100vw, 491px\" \/><\/figure>\n<\/div>\n\n\n\n<div class=\"wp-block-column is-layout-flow wp-block-column-is-layout-flow\">\n<p><strong>Grupo Electr\u00f3geno Diesel Perkins-Stamford EPD22<\/strong><\/p>\n\n\n\n<p>Grupo electr\u00f3geno de 22 kVA (17.6 kW). Utilizado para pruebas de microrredes donde operen grupos electr\u00f3genos en conjunto con energ\u00edas renovables y sistemas de almacenamiento en bater\u00edas.<\/p>\n\n\n\n<p>Financiada con proyecto ANID\/FONDEQUIP\/EQM210178<\/p>\n<\/div>\n<\/div>\n\n\n\n<p><\/p>\n<\/div><\/div>\n\n\n\n<div class=\"wp-block-superb-addons-accordion-block\" data-accordion-id=\"superb-accordion-c6189b03\"><div class=\"superb-accordion-header\" role=\"button\" tabindex=\"0\" aria-expanded=\"false\" aria-controls=\"superb-accordion-content-superb-accordion-c6189b03\"><h4 class=\"superb-accordion-title\">Fuentes Programables de Corriente Continua<\/h4><span class=\"superb-accordion-icon\"><\/span><\/div><div id=\"superb-accordion-content-superb-accordion-c6189b03\" class=\"superb-accordion-content\" style=\"display:none\" aria-hidden=\"true\">\n<div class=\"wp-block-columns is-layout-flex wp-container-core-columns-is-layout-9d6595d7 wp-block-columns-is-layout-flex\">\n<div class=\"wp-block-column is-layout-flow wp-block-column-is-layout-flow\">\n<figure class=\"wp-block-image size-full\"><img loading=\"lazy\" decoding=\"async\" width=\"469\" height=\"175\" src=\"https:\/\/lace.ubiobio.cl\/wp-content\/uploads\/2025\/09\/image-6.png\" alt=\"\" class=\"wp-image-254\" srcset=\"https:\/\/lace.ubiobio.cl\/wp-content\/uploads\/2025\/09\/image-6.png 469w, https:\/\/lace.ubiobio.cl\/wp-content\/uploads\/2025\/09\/image-6-300x112.png 300w, https:\/\/lace.ubiobio.cl\/wp-content\/uploads\/2025\/09\/image-6-150x56.png 150w\" sizes=\"auto, (max-width: 469px) 100vw, 469px\" \/><\/figure>\n<\/div>\n\n\n\n<div class=\"wp-block-column is-layout-flow wp-block-column-is-layout-flow\">\n<p><strong>CHROMA 62050H-600S <\/strong><\/p>\n\n\n\n<p>Fuente de alimentaci\u00f3n DC de 5kW, 600V, 8.5A con capacidad para emular arreglos fotovoltaicos. Utilizada para probar convertidores DC\/DC y sistemas de inyecci\u00f3n de energ\u00eda fotovoltaica a la red el\u00e9ctrica.<\/p>\n\n\n\n<p>El equipo cuenta con licencia del sofware de emulaci\u00f3n de sistemas fotovoltaicos de Chroma. <\/p>\n\n\n\n<p>Financiada con proyecto ANID\/FONDEQUIP\/FONDECYT1201683<\/p>\n\n\n\n<p><\/p>\n<\/div>\n<\/div>\n\n\n\n<div class=\"wp-block-columns is-layout-flex wp-container-core-columns-is-layout-9d6595d7 wp-block-columns-is-layout-flex\">\n<div class=\"wp-block-column is-layout-flow wp-block-column-is-layout-flow\">\n<figure class=\"wp-block-image size-full\"><img loading=\"lazy\" decoding=\"async\" width=\"491\" height=\"167\" src=\"https:\/\/lace.ubiobio.cl\/wp-content\/uploads\/2025\/09\/image-4.png\" alt=\"\" class=\"wp-image-242\" srcset=\"https:\/\/lace.ubiobio.cl\/wp-content\/uploads\/2025\/09\/image-4.png 491w, https:\/\/lace.ubiobio.cl\/wp-content\/uploads\/2025\/09\/image-4-300x102.png 300w, https:\/\/lace.ubiobio.cl\/wp-content\/uploads\/2025\/09\/image-4-150x51.png 150w\" sizes=\"auto, (max-width: 491px) 100vw, 491px\" \/><\/figure>\n<\/div>\n\n\n\n<div class=\"wp-block-column is-layout-flow wp-block-column-is-layout-flow\">\n<p><strong>ITECH IT6012C-800-50<\/strong>  (Unidad 01)<\/p>\n\n\n\n<p> Fuente de energ\u00eda programable bidireccional regenerativa que opera en dos cuadrantes de 12 kW y tiene capacidad para emular arreglos fotovoltaicos y emulaci\u00f3n de bater\u00edas. Utilizada para probar convertidores DC\/DC, sistemas de inyecci\u00f3n de energ\u00eda fotovoltaica a la red el\u00e9ctrica, sistemas de almacenamiento en bater\u00edas y pruebas de motores para electromovilidad.<\/p>\n\n\n\n<p>El equipo cuenta con licencia del sofware de emulaci\u00f3n de sistemas fotovoltaicos  y sistemas de almacenamiento de baterias de ITECH. <\/p>\n\n\n\n<p>Financiada con proyecto ANID\/FONDEQUIP\/FONDECYT1201683<\/p>\n<\/div>\n<\/div>\n\n\n\n<div class=\"wp-block-columns is-layout-flex wp-container-core-columns-is-layout-9d6595d7 wp-block-columns-is-layout-flex\">\n<div class=\"wp-block-column is-layout-flow wp-block-column-is-layout-flow\">\n<figure class=\"wp-block-image size-full\"><img loading=\"lazy\" decoding=\"async\" width=\"491\" height=\"167\" src=\"http:\/\/lace.ubiobio.cl\/wp-content\/uploads\/2025\/09\/image-5.png\" alt=\"\" class=\"wp-image-243\" srcset=\"https:\/\/lace.ubiobio.cl\/wp-content\/uploads\/2025\/09\/image-5.png 491w, https:\/\/lace.ubiobio.cl\/wp-content\/uploads\/2025\/09\/image-5-300x102.png 300w, https:\/\/lace.ubiobio.cl\/wp-content\/uploads\/2025\/09\/image-5-150x51.png 150w\" sizes=\"auto, (max-width: 491px) 100vw, 491px\" \/><\/figure>\n<\/div>\n\n\n\n<div class=\"wp-block-column is-layout-flow wp-block-column-is-layout-flow\">\n<p>I<strong>TECH IT6012C-800-50<\/strong> (Unidad 02)<\/p>\n\n\n\n<p>Fuente de energ\u00eda programable bidireccional regenerativa que opera en dos cuadrantes de 12 kW y tiene capacidad para emular arreglos fotovoltaicos y emulaci\u00f3n de bater\u00edas. Utilizada para probar convertidores DC\/DC, sistemas de inyecci\u00f3n de energ\u00eda fotovoltaica a la red el\u00e9ctrica, sistemas de almacenamiento en bater\u00edas y pruebas de motores para electromovilidad.<\/p>\n\n\n\n<p>Financiada con proyecto ANID\/FONDEQUIP\/FONDECYT1201683<\/p>\n<\/div>\n<\/div>\n\n\n\n<div class=\"wp-block-columns is-layout-flex wp-container-core-columns-is-layout-9d6595d7 wp-block-columns-is-layout-flex\">\n<div class=\"wp-block-column is-layout-flow wp-block-column-is-layout-flow\">\n<figure class=\"wp-block-image size-full\"><img loading=\"lazy\" decoding=\"async\" width=\"491\" height=\"167\" src=\"http:\/\/lace.ubiobio.cl\/wp-content\/uploads\/2025\/09\/image-4.png\" alt=\"\" class=\"wp-image-242\" srcset=\"https:\/\/lace.ubiobio.cl\/wp-content\/uploads\/2025\/09\/image-4.png 491w, https:\/\/lace.ubiobio.cl\/wp-content\/uploads\/2025\/09\/image-4-300x102.png 300w, https:\/\/lace.ubiobio.cl\/wp-content\/uploads\/2025\/09\/image-4-150x51.png 150w\" sizes=\"auto, (max-width: 491px) 100vw, 491px\" \/><\/figure>\n<\/div>\n\n\n\n<div class=\"wp-block-column is-layout-flow wp-block-column-is-layout-flow\">\n<p>I<strong>TECH IT6012C-800-50<\/strong> (Unidad 03)<\/p>\n\n\n\n<p>Fuente de energ\u00eda programable bidireccional regenerativa que opera en dos cuadrantes de 12 kW y tiene capacidad para emular arreglos fotovoltaicos y emulaci\u00f3n de bater\u00edas. Utilizada para probar convertidores DC\/DC, sistemas de inyecci\u00f3n de energ\u00eda fotovoltaica a la red el\u00e9ctrica, sistemas de almacenamiento en bater\u00edas y pruebas de motores para electromovilidad.<\/p>\n\n\n\n<p>Financiada con proyecto ANID\/FONDEQUIP\/FONDECYT1201683<\/p>\n<\/div>\n<\/div>\n<\/div><\/div>\n\n\n\n<div class=\"wp-block-superb-addons-accordion-block\" data-accordion-id=\"superb-accordion-c6189b03\"><div class=\"superb-accordion-header\" role=\"button\" tabindex=\"0\" aria-expanded=\"false\" aria-controls=\"superb-accordion-content-superb-accordion-c6189b03\"><h4 class=\"superb-accordion-title\">Equipos de Medici\u00f3n de Variables El\u00e9ctricas<\/h4><span class=\"superb-accordion-icon\"><\/span><\/div><div id=\"superb-accordion-content-superb-accordion-c6189b03\" class=\"superb-accordion-content\" style=\"display:none\" aria-hidden=\"true\">\n<div class=\"wp-block-columns is-layout-flex wp-container-core-columns-is-layout-9d6595d7 wp-block-columns-is-layout-flex\">\n<div class=\"wp-block-column is-layout-flow wp-block-column-is-layout-flow\">\n<figure class=\"wp-block-image size-full\"><img loading=\"lazy\" decoding=\"async\" width=\"446\" height=\"297\" src=\"https:\/\/lace.ubiobio.cl\/wp-content\/uploads\/2025\/09\/image-7.png\" alt=\"\" class=\"wp-image-261\" srcset=\"https:\/\/lace.ubiobio.cl\/wp-content\/uploads\/2025\/09\/image-7.png 446w, https:\/\/lace.ubiobio.cl\/wp-content\/uploads\/2025\/09\/image-7-300x200.png 300w, https:\/\/lace.ubiobio.cl\/wp-content\/uploads\/2025\/09\/image-7-150x100.png 150w\" sizes=\"auto, (max-width: 446px) 100vw, 446px\" \/><\/figure>\n<\/div>\n\n\n\n<div class=\"wp-block-column is-layout-flow wp-block-column-is-layout-flow\">\n<p><strong>Analizador HIOKI PQ31980\/60<\/strong><\/p>\n\n\n\n<p>Equipo para medici\u00f3n de calidad de energ\u00eda. Utilizado para medici\u00f3n de calidad de energ\u00eda en redes el\u00e9ctricas y eficiencias en equipos de conversi\u00f3n de energ\u00eda AC\/DC tales como, accionamientos AC e inversores para sistemas fotovoltaicos y de almacenamiento en bater\u00edas.<\/p>\n\n\n\n<p>Equipo financiado por el proyecto UBB\/Equipamiento Interno 2023<\/p>\n<\/div>\n<\/div>\n\n\n\n<div class=\"wp-block-columns is-layout-flex wp-container-core-columns-is-layout-9d6595d7 wp-block-columns-is-layout-flex\">\n<div class=\"wp-block-column is-layout-flow wp-block-column-is-layout-flow\"><div class=\"wp-block-image\">\n<figure class=\"aligncenter size-full is-resized\"><img loading=\"lazy\" decoding=\"async\" width=\"309\" height=\"368\" src=\"https:\/\/lace.ubiobio.cl\/wp-content\/uploads\/2025\/09\/image-10.png\" alt=\"\" class=\"wp-image-269\" style=\"width:315px;height:auto\" srcset=\"https:\/\/lace.ubiobio.cl\/wp-content\/uploads\/2025\/09\/image-10.png 309w, https:\/\/lace.ubiobio.cl\/wp-content\/uploads\/2025\/09\/image-10-252x300.png 252w, https:\/\/lace.ubiobio.cl\/wp-content\/uploads\/2025\/09\/image-10-126x150.png 126w, https:\/\/lace.ubiobio.cl\/wp-content\/uploads\/2025\/09\/image-10-300x357.png 300w\" sizes=\"auto, (max-width: 309px) 100vw, 309px\" \/><\/figure>\n<\/div><\/div>\n\n\n\n<div class=\"wp-block-column is-layout-flow wp-block-column-is-layout-flow\">\n<p><strong>FLUKE 190-50<\/strong><\/p>\n\n\n\n<p>Equipo para mediciones en ambientes industriales de 500 MHz, 4 canales aislados. Utilizado para medici\u00f3n de se\u00f1ales en inversores, redes el\u00e9ctricas, y motores AC y DC.<\/p>\n\n\n\n<p>Financiado con proyecto ANID\/FONDEQUIP\/FONDECYT1201683<\/p>\n<\/div>\n<\/div>\n\n\n\n<div class=\"wp-block-columns is-layout-flex wp-container-core-columns-is-layout-9d6595d7 wp-block-columns-is-layout-flex\">\n<div class=\"wp-block-column is-layout-flow wp-block-column-is-layout-flow\"><div class=\"wp-block-image\">\n<figure class=\"aligncenter size-full is-resized\"><img loading=\"lazy\" decoding=\"async\" width=\"374\" height=\"500\" src=\"https:\/\/lace.ubiobio.cl\/wp-content\/uploads\/2025\/09\/image-8.png\" alt=\"\" class=\"wp-image-264\" style=\"width:284px;height:auto\" srcset=\"https:\/\/lace.ubiobio.cl\/wp-content\/uploads\/2025\/09\/image-8.png 374w, https:\/\/lace.ubiobio.cl\/wp-content\/uploads\/2025\/09\/image-8-224x300.png 224w, https:\/\/lace.ubiobio.cl\/wp-content\/uploads\/2025\/09\/image-8-112x150.png 112w, https:\/\/lace.ubiobio.cl\/wp-content\/uploads\/2025\/09\/image-8-300x401.png 300w\" sizes=\"auto, (max-width: 374px) 100vw, 374px\" \/><\/figure>\n<\/div><\/div>\n\n\n\n<div class=\"wp-block-column is-layout-flow wp-block-column-is-layout-flow\">\n<p><strong>SCOPIX IV &#8211; OX9104<\/strong><\/p>\n\n\n\n<p>Equipo para mediciones en ambientes industriales de 200 MHz, 4 canales aislados. Utilizado para medici\u00f3n de se\u00f1ales en inversores, redes el\u00e9ctricas, y motores AC y DC.<\/p>\n\n\n\n<p>Financiado con proyecto ANID\/FONDEQUIP\/FONDECYT1201683<\/p>\n<\/div>\n<\/div>\n<\/div><\/div>\n\n\n\n<div class=\"wp-block-superb-addons-accordion-block\" data-accordion-id=\"superb-accordion-c6189b03\"><div class=\"superb-accordion-header\" role=\"button\" tabindex=\"0\" aria-expanded=\"false\" aria-controls=\"superb-accordion-content-superb-accordion-c6189b03\"><h4 class=\"superb-accordion-title\">Equipos para validaci\u00f3n de sistemas electr\u00f3nicos<\/h4><span class=\"superb-accordion-icon\"><\/span><\/div><div id=\"superb-accordion-content-superb-accordion-c6189b03\" class=\"superb-accordion-content\" style=\"display:none\" aria-hidden=\"true\">\n<div class=\"wp-block-columns is-layout-flex wp-container-core-columns-is-layout-9d6595d7 wp-block-columns-is-layout-flex\">\n<div class=\"wp-block-column is-layout-flow wp-block-column-is-layout-flow\">\n<figure class=\"wp-block-image size-full\"><img loading=\"lazy\" decoding=\"async\" width=\"491\" height=\"310\" src=\"https:\/\/lace.ubiobio.cl\/wp-content\/uploads\/2025\/09\/image-11.png\" alt=\"\" class=\"wp-image-271\" srcset=\"https:\/\/lace.ubiobio.cl\/wp-content\/uploads\/2025\/09\/image-11.png 491w, https:\/\/lace.ubiobio.cl\/wp-content\/uploads\/2025\/09\/image-11-300x189.png 300w, https:\/\/lace.ubiobio.cl\/wp-content\/uploads\/2025\/09\/image-11-150x95.png 150w\" sizes=\"auto, (max-width: 491px) 100vw, 491px\" \/><\/figure>\n<\/div>\n\n\n\n<div class=\"wp-block-column is-layout-flow wp-block-column-is-layout-flow\">\n<p><strong>SCOPE KEYSIGHT MSO3054T<\/strong><\/p>\n\n\n\n<p>Equipo para mediciones en laboratorio de 500 MHz, 4 canales anal\u00f3gicos, 16 canales digitales. Utilizado para pruebas y validaci\u00f3n de sistemas electr\u00f3nicos anal\u00f3gicos y digitales.<\/p>\n\n\n\n<p>Financiado con proyecto ANID\/FONDEQUIP\/FONDECYT1201683<\/p>\n<\/div>\n<\/div>\n\n\n\n<div class=\"wp-block-columns is-layout-flex wp-container-core-columns-is-layout-9d6595d7 wp-block-columns-is-layout-flex\">\n<div class=\"wp-block-column is-layout-flow wp-block-column-is-layout-flow\"><\/div>\n\n\n\n<div class=\"wp-block-column is-layout-flow wp-block-column-is-layout-flow\"><\/div>\n<\/div>\n\n\n\n<div class=\"wp-block-columns is-layout-flex wp-container-core-columns-is-layout-9d6595d7 wp-block-columns-is-layout-flex\">\n<div class=\"wp-block-column is-layout-flow wp-block-column-is-layout-flow\">\n<figure class=\"wp-block-image size-full\"><img loading=\"lazy\" decoding=\"async\" width=\"491\" height=\"317\" src=\"https:\/\/lace.ubiobio.cl\/wp-content\/uploads\/2025\/09\/image-12.png\" alt=\"\" class=\"wp-image-272\" srcset=\"https:\/\/lace.ubiobio.cl\/wp-content\/uploads\/2025\/09\/image-12.png 491w, https:\/\/lace.ubiobio.cl\/wp-content\/uploads\/2025\/09\/image-12-300x194.png 300w, https:\/\/lace.ubiobio.cl\/wp-content\/uploads\/2025\/09\/image-12-150x97.png 150w\" sizes=\"auto, (max-width: 491px) 100vw, 491px\" \/><\/figure>\n<\/div>\n\n\n\n<div class=\"wp-block-column is-layout-flow wp-block-column-is-layout-flow\">\n<p><strong>TEKTRONIC MSO2024B<\/strong><\/p>\n\n\n\n<p>Equipo para mediciones en laboratorio de 200 MHz, 4 canales anal\u00f3gicos, 16 canales digitales. Utilizado para pruebas y validaci\u00f3n de sistemas electr\u00f3nicos anal\u00f3gicos y digitales.<\/p>\n\n\n\n<p>Financiado con proyecto ANID\/FONDEQUIP\/FONDECYT1201683<\/p>\n<\/div>\n<\/div>\n<\/div><\/div>\n\n\n\n<div class=\"wp-block-superb-addons-accordion-block\" data-accordion-id=\"superb-accordion-c6189b03\"><div class=\"superb-accordion-header\" role=\"button\" tabindex=\"0\" aria-expanded=\"false\" aria-controls=\"superb-accordion-content-superb-accordion-c6189b03\"><h4 class=\"superb-accordion-title\">Equipos para Implementaci\u00f3n de Sistemas Electr\u00f3nicos<\/h4><span class=\"superb-accordion-icon\"><\/span><\/div><div id=\"superb-accordion-content-superb-accordion-c6189b03\" class=\"superb-accordion-content\" style=\"display:none\" aria-hidden=\"true\">\n<div class=\"wp-block-columns is-layout-flex wp-container-core-columns-is-layout-9d6595d7 wp-block-columns-is-layout-flex\">\n<div class=\"wp-block-column is-layout-flow wp-block-column-is-layout-flow\">\n<figure class=\"wp-block-image size-full\"><img loading=\"lazy\" decoding=\"async\" width=\"350\" height=\"234\" src=\"https:\/\/lace.ubiobio.cl\/wp-content\/uploads\/2025\/09\/image-16.png\" alt=\"\" class=\"wp-image-285\" srcset=\"https:\/\/lace.ubiobio.cl\/wp-content\/uploads\/2025\/09\/image-16.png 350w, https:\/\/lace.ubiobio.cl\/wp-content\/uploads\/2025\/09\/image-16-300x201.png 300w, https:\/\/lace.ubiobio.cl\/wp-content\/uploads\/2025\/09\/image-16-150x100.png 150w\" sizes=\"auto, (max-width: 350px) 100vw, 350px\" \/><\/figure>\n<\/div>\n\n\n\n<div class=\"wp-block-column is-layout-flow wp-block-column-is-layout-flow\">\n<p><strong>Estaci\u00f3n ERSA I-CON 2<\/strong> con <\/p>\n\n\n\n<p>Estaci\u00f3n soldadora con control de temperatura. Con accesorios para trabajar en montaje THT o SMD.<\/p>\n\n\n\n<p>Financiado con proyecto ANID\/FONDEQUIP\/FONDECYT1201683<\/p>\n<\/div>\n<\/div>\n\n\n\n<div class=\"wp-block-columns is-layout-flex wp-container-core-columns-is-layout-9d6595d7 wp-block-columns-is-layout-flex\">\n<div class=\"wp-block-column is-layout-flow wp-block-column-is-layout-flow\"><\/div>\n\n\n\n<div class=\"wp-block-column is-layout-flow wp-block-column-is-layout-flow\"><\/div>\n<\/div>\n\n\n\n<div class=\"wp-block-columns is-layout-flex wp-container-core-columns-is-layout-9d6595d7 wp-block-columns-is-layout-flex\">\n<div class=\"wp-block-column is-layout-flow wp-block-column-is-layout-flow\">\n<figure class=\"wp-block-image size-full\"><img loading=\"lazy\" decoding=\"async\" width=\"350\" height=\"234\" src=\"https:\/\/lace.ubiobio.cl\/wp-content\/uploads\/2025\/09\/image-17.png\" alt=\"\" class=\"wp-image-286\" srcset=\"https:\/\/lace.ubiobio.cl\/wp-content\/uploads\/2025\/09\/image-17.png 350w, https:\/\/lace.ubiobio.cl\/wp-content\/uploads\/2025\/09\/image-17-300x201.png 300w, https:\/\/lace.ubiobio.cl\/wp-content\/uploads\/2025\/09\/image-17-150x100.png 150w\" sizes=\"auto, (max-width: 350px) 100vw, 350px\" \/><\/figure>\n<\/div>\n\n\n\n<div class=\"wp-block-column is-layout-flow wp-block-column-is-layout-flow\">\n<p><strong><strong>Estaci\u00f3n ERSA I-CON 2<\/strong><\/strong> <strong>con XTOOL<\/strong><\/p>\n\n\n\n<p>Estaci\u00f3n soldadora con control de temperatura. Con accesorios para trabajar en montaje y reparaci\u00f3n de placas THT y SMD. <\/p>\n\n\n\n<p>Financiado con proyecto ANID\/FONDEQUIP\/FONDECYT1201683<\/p>\n<\/div>\n<\/div>\n<\/div><\/div>\n\n\n\n<p><\/p>\n","protected":false},"excerpt":{"rendered":"<p>Contamos con espacio para Investigaci\u00f3n y Desarrollo, incluyendo un espacio de cowork e implementaci\u00f3n, junto con un espacio separado para Pruebas El\u00e9ctricas y reuniones, habilitado para talleres, clases u otras actividades. LACE cuenta con alimentaci\u00f3n en 380Vrms\/50Hz, separada en dos redes de 30kVA y 100kVA. Dentro de los espacios, contamos con equipamiento para:<\/p>\n","protected":false},"author":1,"featured_media":0,"parent":0,"menu_order":0,"comment_status":"closed","ping_status":"closed","template":"","meta":{"footnotes":""},"class_list":["post-72","page","type-page","status-publish","hentry"],"_links":{"self":[{"href":"https:\/\/lace.ubiobio.cl\/index.php?rest_route=\/wp\/v2\/pages\/72","targetHints":{"allow":["GET"]}}],"collection":[{"href":"https:\/\/lace.ubiobio.cl\/index.php?rest_route=\/wp\/v2\/pages"}],"about":[{"href":"https:\/\/lace.ubiobio.cl\/index.php?rest_route=\/wp\/v2\/types\/page"}],"author":[{"embeddable":true,"href":"https:\/\/lace.ubiobio.cl\/index.php?rest_route=\/wp\/v2\/users\/1"}],"replies":[{"embeddable":true,"href":"https:\/\/lace.ubiobio.cl\/index.php?rest_route=%2Fwp%2Fv2%2Fcomments&post=72"}],"version-history":[{"count":39,"href":"https:\/\/lace.ubiobio.cl\/index.php?rest_route=\/wp\/v2\/pages\/72\/revisions"}],"predecessor-version":[{"id":437,"href":"https:\/\/lace.ubiobio.cl\/index.php?rest_route=\/wp\/v2\/pages\/72\/revisions\/437"}],"wp:attachment":[{"href":"https:\/\/lace.ubiobio.cl\/index.php?rest_route=%2Fwp%2Fv2%2Fmedia&parent=72"}],"curies":[{"name":"wp","href":"https:\/\/api.w.org\/{rel}","templated":true}]}}